{"id":12,"date":"2025-11-04T17:20:17","date_gmt":"2025-11-04T16:20:17","guid":{"rendered":"https:\/\/clsg.net\/?page_id=12"},"modified":"2025-11-22T18:09:09","modified_gmt":"2025-11-22T17:09:09","slug":"a-propos","status":"publish","type":"page","link":"https:\/\/clsg.net\/?page_id=12","title":{"rendered":"A propos"},"content":{"rendered":"\t\t<div data-elementor-type=\"wp-page\" data-elementor-id=\"12\" class=\"elementor elementor-12\">\n\t\t\t\t<div class=\"elementor-element elementor-element-7c48f8a e-flex e-con-boxed e-con e-parent\" data-id=\"7c48f8a\" data-element_type=\"container\" data-e-type=\"container\">\n\t\t\t\t\t<div class=\"e-con-inner\">\n\t\t\t\t<div class=\"elementor-element elementor-element-a632fd9 elementor-widget elementor-widget-spacer\" data-id=\"a632fd9\" data-element_type=\"widget\" data-e-type=\"widget\" data-widget_type=\"spacer.default\">\n\t\t\t\t\t\t\t<div class=\"elementor-spacer\">\n\t\t\t<div class=\"elementor-spacer-inner\"><\/div>\n\t\t<\/div>\n\t\t\t\t\t\t<\/div>\n\t\t\t\t\t<\/div>\n\t\t\t\t<\/div>\n\t\t<div class=\"elementor-element elementor-element-50aac0a e-flex e-con-boxed e-con e-parent\" data-id=\"50aac0a\" data-element_type=\"container\" data-e-type=\"container\">\n\t\t\t\t\t<div class=\"e-con-inner\">\n\t\t\t\t<div class=\"elementor-element elementor-element-450e3bd elementor-widget elementor-widget-spacer\" data-id=\"450e3bd\" data-element_type=\"widget\" data-e-type=\"widget\" data-widget_type=\"spacer.default\">\n\t\t\t\t\t\t\t<div class=\"elementor-spacer\">\n\t\t\t<div class=\"elementor-spacer-inner\"><\/div>\n\t\t<\/div>\n\t\t\t\t\t\t<\/div>\n\t\t\t\t<div class=\"elementor-element elementor-element-ef57002 elementor-invisible elementor-widget elementor-widget-heading\" data-id=\"ef57002\" data-element_type=\"widget\" data-e-type=\"widget\" data-settings=\"{&quot;_animation&quot;:&quot;fadeInLeft&quot;}\" data-widget_type=\"heading.default\">\n\t\t\t\t\t<h2 class=\"elementor-heading-title elementor-size-default\">Qui sommes-nous ?<\/h2>\t\t\t\t<\/div>\n\t\t\t\t\t<\/div>\n\t\t\t\t<\/div>\n\t\t<div class=\"elementor-element elementor-element-f9c3896 e-flex e-con-boxed e-con e-parent\" data-id=\"f9c3896\" data-element_type=\"container\" data-e-type=\"container\">\n\t\t\t\t\t<div class=\"e-con-inner\">\n\t\t\t\t<div class=\"elementor-element elementor-element-fb2d09b elementor-widget elementor-widget-text-editor\" data-id=\"fb2d09b\" data-element_type=\"widget\" data-e-type=\"widget\" data-widget_type=\"text-editor.default\">\n\t\t\t\t\t\t\t\t\t<p>Nous sommes un cabinet sp\u00e9cialis\u00e9 dans le conseil en communication et en leadership. Notre expertise s\u2019\u00e9tend sur l\u2019ensemble des domaines de la communication politique, d\u2019entreprise et du leadership. Allant de la formation, \u00e0 l\u2019\u00e9laboration sur mesure des strat\u00e9gies de communication politique, du marketing politique, de la communication de crise, de la communication sociale, en passant par la communication interne et l\u2019engagement des employ\u00e9s et en d\u00e9mocratie et bonne gouvernance.<\/p><p>La communication a longtemps \u00e9t\u00e9 consid\u00e9r\u00e9e comme une activit\u00e9 dont il est difficile de mesurer les effets. Mais aujourd\u2019hui, elle est un des \u00e9l\u00e9ments cl\u00e9s des entreprises, des Organisations, des institutions, des partis politiques, des leaders, des d\u00e9cideurs et des managers. Elle s\u2019appuie sur des m\u00e9thodes d\u2019analyse strat\u00e9gique et de pilotage pour asseoir sa l\u00e9gitimit\u00e9. De nos jours, il n\u2019est point besoin de d\u00e9montrer qu\u2019on ne peut pas ne pas communiquer. La communication est au c\u0153ur des relations humaines, du management, des organisations, du changement, de la mobilisation mais aussi de la gestion de crises quelles qu\u2019elles soient.\u00a0<span style=\"background-color: rgba(0, 0, 0, 0);\">\u00a0Pour\u00a0<\/span><span style=\"background-color: rgba(0, 0, 0, 0);\">Franrenet,<\/span><span style=\"background-color: rgba(0, 0, 0, 0);\">\u00a0elle est d\u2019ailleurs per\u00e7ue comme \u00e9tant le \u00ab v\u00e9ritable mot d\u2019ordre du 21i\u00e8me si\u00e8cle \u00bb.<\/span><\/p><p>\u00a0Pour\u00a0<span style=\"background-color: rgba(0, 0, 0, 0);\">informer,<\/span><span style=\"background-color: rgba(0, 0, 0, 0);\"> \u00e9changer, former, mobiliser, vendre, motiver, \u00e9clairer, conduire, g\u00e9rer une crise, d\u00e9fendre une position ou pour la visibilit\u00e9 et la notori\u00e9t\u00e9, i<\/span><span style=\"background-color: rgba(0, 0, 0, 0);\">l existe plusieurs strat\u00e9gies, auxquelles les personnes et les organisations font appel pour atteindre les objectifs de communication. Parmi elles<\/span><strong style=\"background-color: rgba(0, 0, 0, 0);\">, <\/strong><span style=\"background-color: rgba(0, 0, 0, 0);\">on note, la publicit\u00e9, les \u00e9v\u00e8nements, les rencontres et les m\u00e9dias sociaux avec des plans et supports de communication adapt\u00e9s \u00e0 chaque strat\u00e9gie.<\/span><\/p><p>C\u2019est pourquoi nous organisons des programmes de formation pratiques bas\u00e9s sur l\u2019andragogie et des conseils en \u00e9laboration de strat\u00e9gies, plans d&rsquo;action, supports et budgets de communication sur mesures pour aider nos clients \u00e0 atteindre leurs objectifs.<\/p>\t\t\t\t\t\t\t\t<\/div>\n\t\t\t\t<div class=\"elementor-element elementor-element-5e8a8b7 elementor-invisible elementor-widget elementor-widget-heading\" data-id=\"5e8a8b7\" data-element_type=\"widget\" data-e-type=\"widget\" data-settings=\"{&quot;_animation&quot;:&quot;fadeInLeft&quot;}\" data-widget_type=\"heading.default\">\n\t\t\t\t\t<h2 class=\"elementor-heading-title elementor-size-default\">Notre vision<\/h2>\t\t\t\t<\/div>\n\t\t\t\t<div class=\"elementor-element elementor-element-1d57a29 elementor-widget elementor-widget-text-editor\" data-id=\"1d57a29\" data-element_type=\"widget\" data-e-type=\"widget\" data-widget_type=\"text-editor.default\">\n\t\t\t\t\t\t\t\t\t<p>Faire de la Guin\u00e9e un vivier de leaders comp\u00e9tents, responsables et \u00e9thiques<\/p>\t\t\t\t\t\t\t\t<\/div>\n\t\t\t\t<div class=\"elementor-element elementor-element-d285d19 elementor-invisible elementor-widget elementor-widget-heading\" data-id=\"d285d19\" data-element_type=\"widget\" data-e-type=\"widget\" data-settings=\"{&quot;_animation&quot;:&quot;fadeInLeft&quot;}\" data-widget_type=\"heading.default\">\n\t\t\t\t\t<h2 class=\"elementor-heading-title elementor-size-default\">Notre mission<\/h2>\t\t\t\t<\/div>\n\t\t\t\t<div class=\"elementor-element elementor-element-6f67b52 elementor-widget elementor-widget-text-editor\" data-id=\"6f67b52\" data-element_type=\"widget\" data-e-type=\"widget\" data-widget_type=\"text-editor.default\">\n\t\t\t\t\t\t\t\t\t<p>Conseiller, accompagner les personnes et les organisations \u00e0 r\u00e9v\u00e9ler leurs potentiels \u00e0 travers des formations pratiques, du coaching personnalis\u00e9 et des conseils strat\u00e9giques.<\/p>\t\t\t\t\t\t\t\t<\/div>\n\t\t\t\t<div class=\"elementor-element elementor-element-a988a60 elementor-invisible elementor-widget elementor-widget-heading\" data-id=\"a988a60\" data-element_type=\"widget\" data-e-type=\"widget\" data-settings=\"{&quot;_animation&quot;:&quot;fadeInLeft&quot;}\" data-widget_type=\"heading.default\">\n\t\t\t\t\t<h2 class=\"elementor-heading-title elementor-size-default\">Nos publics cibles<\/h2>\t\t\t\t<\/div>\n\t\t\t\t<div class=\"elementor-element elementor-element-51ba979 elementor-widget elementor-widget-text-editor\" data-id=\"51ba979\" data-element_type=\"widget\" data-e-type=\"widget\" data-widget_type=\"text-editor.default\">\n\t\t\t\t\t\t\t\t\t<p>Nos formations, conseils et accompagnements visent principalement les :<br><strong>Les professionnels :<\/strong> Pour la mont\u00e9e en comp\u00e9tence en communication et en leadership.<br><strong>Les \u00e9tudiants et jeunes dipl\u00f4m\u00e9s :<\/strong> Dans ce monde comp\u00e9titif, la maitrise de la communication et du leadership est essentielle pour lancer ou booster sa carri\u00e8re<br><strong>Les entreprises :<\/strong> Nous les aidons \u00e0 former les employ\u00e9s, concevoir des strat\u00e9gies, plans, supports et budgets de communication adapt\u00e9s.<br><strong>Les ONG :<\/strong> Nous vous aidons \u00e0 identifier vos besoins, vos cibles et cr\u00e9er des messages adapt\u00e9s au contexte et aux objectifs en respectant les codes sociaux et culturels pour le changement de comportement.<br><strong>Les institutions :<\/strong> Dans le d\u00e9veloppement de vos activit\u00e9s, nous formons, conseillons dans vos strat\u00e9gies de communication et nous vous accompagnons l\u2019ex\u00e9cution des op\u00e9rations de communication de vos activit\u00e9s.<br><b>Les d\u00e9cideurs, leaders et managers:<\/b> Nous vous aidons dans la construction et la gestion de vos images en fonction de vos objectifs. Mais aussi dans la formation, le conseil et l&rsquo;accompagnement en leadership et communication.<br><strong>Nos services visent \u00e9galement, toute personne d\u00e9sirant acqu\u00e9rir ou renforcer des comp\u00e9tences en communication et en leadership pour la visibilit\u00e9 et la notori\u00e9t\u00e9.<\/strong><\/p>\t\t\t\t\t\t\t\t<\/div>\n\t\t\t\t<div class=\"elementor-element elementor-element-458fd3f elementor-invisible elementor-widget elementor-widget-heading\" data-id=\"458fd3f\" data-element_type=\"widget\" data-e-type=\"widget\" data-settings=\"{&quot;_animation&quot;:&quot;fadeInLeft&quot;}\" data-widget_type=\"heading.default\">\n\t\t\t\t\t<h2 class=\"elementor-heading-title elementor-size-default\">Nos valeurs<\/h2>\t\t\t\t<\/div>\n\t\t\t\t<div class=\"elementor-element elementor-element-a3bce18 elementor-widget elementor-widget-text-editor\" data-id=\"a3bce18\" data-element_type=\"widget\" data-e-type=\"widget\" data-widget_type=\"text-editor.default\">\n\t\t\t\t\t\t\t\t\t<ul><li><strong>Int\u00e9grit\u00e9 :<\/strong> Nous croyons \u00e0 la transparence et \u00e0 la confiance dans chaque collaboration.<\/li><li><strong>Excellence :<\/strong> Nous visons la qualit\u00e9 et les r\u00e9sultats concrets.<\/li><li><strong>Innovation :<\/strong> Nous apportons des solutions modernes adapt\u00e9es au contexte local.<\/li><\/ul><p><strong>Esprit d\u2019\u00e9quipe :<\/strong> Nous construisons ensemble, dans la solidarit\u00e9 et le respect mutuel.<\/p>\t\t\t\t\t\t\t\t<\/div>\n\t\t\t\t\t<\/div>\n\t\t\t\t<\/div>\n\t\t\t\t<\/div>\n\t\t","protected":false},"excerpt":{"rendered":"<p>Qui sommes-nous ? Nous sommes un cabinet sp\u00e9cialis\u00e9 dans le conseil en communication et en leadership. Notre expertise s\u2019\u00e9tend sur l\u2019ensemble des domaines de la communication politique, d\u2019entreprise et du leadership. Allant de la formation, \u00e0 l\u2019\u00e9laboration sur mesure des strat\u00e9gies de communication politique, du marketing politique, de la communication de crise, de la communication&#8230;<\/p>\n","protected":false},"author":1,"featured_media":0,"parent":0,"menu_order":0,"comment_status":"closed","ping_status":"closed","template":"","meta":{"_kad_post_transparent":"","_kad_post_title":"hide","_kad_post_layout":"fullwidth","_kad_post_sidebar_id":"","_kad_post_content_style":"unboxed","_kad_post_vertical_padding":"hide","_kad_post_feature":"hide","_kad_post_feature_position":"","_kad_post_header":false,"_kad_post_footer":false,"_kad_post_classname":"","footnotes":""},"class_list":["post-12","page","type-page","status-publish","hentry"],"yoast_head":"<!-- This site is optimized with the Yoast SEO plugin v27.5 - https:\/\/yoast.com\/product\/yoast-seo-wordpress\/ -->\n<title>Clsg cabinet leadership conseil en communication - Cabinet de Leadership et de Strat\u00e9gie de Guin\u00e9e %<\/title>\n<meta name=\"description\" content=\"Le clsg cabinet leadership conseil offre des solutions sur mesure pour la communication politique, d&#039;entreprise et le leadership.\" \/>\n<meta name=\"robots\" content=\"index, follow, max-snippet:-1, max-image-preview:large, max-video-preview:-1\" \/>\n<link rel=\"canonical\" href=\"https:\/\/clsg.net\/?page_id=12\" \/>\n<meta property=\"og:locale\" content=\"fr_FR\" \/>\n<meta property=\"og:type\" content=\"article\" \/>\n<meta property=\"og:title\" content=\"Clsg cabinet leadership conseil en communication - Cabinet de Leadership et de Strat\u00e9gie de Guin\u00e9e %\" \/>\n<meta property=\"og:description\" content=\"Le clsg cabinet leadership conseil offre des solutions sur mesure pour la communication politique, d&#039;entreprise et le leadership.\" \/>\n<meta property=\"og:url\" content=\"https:\/\/clsg.net\/?page_id=12\" \/>\n<meta property=\"og:site_name\" content=\"Cabinet de Leadership et de Strat\u00e9gie de Guin\u00e9e\" \/>\n<meta property=\"article:publisher\" content=\"https:\/\/www.facebook.com\/share\/17hNBhzduQ\/\" \/>\n<meta property=\"article:modified_time\" content=\"2025-11-22T17:09:09+00:00\" \/>\n<meta name=\"twitter:card\" content=\"summary_large_image\" \/>\n<meta name=\"twitter:label1\" content=\"Dur\u00e9e de lecture estim\u00e9e\" \/>\n\t<meta name=\"twitter:data1\" content=\"3 minutes\" \/>\n<script type=\"application\/ld+json\" class=\"yoast-schema-graph\">{\"@context\":\"https:\\\/\\\/schema.org\",\"@graph\":[{\"@type\":\"WebPage\",\"@id\":\"https:\\\/\\\/clsg.net\\\/?page_id=12\",\"url\":\"https:\\\/\\\/clsg.net\\\/?page_id=12\",\"name\":\"Clsg cabinet leadership conseil en communication - Cabinet de Leadership et de Strat\u00e9gie de Guin\u00e9e %\",\"isPartOf\":{\"@id\":\"https:\\\/\\\/clsg.net\\\/#website\"},\"datePublished\":\"2025-11-04T16:20:17+00:00\",\"dateModified\":\"2025-11-22T17:09:09+00:00\",\"description\":\"Le clsg cabinet leadership conseil offre des solutions sur mesure pour la communication politique, d'entreprise et le leadership.\",\"breadcrumb\":{\"@id\":\"https:\\\/\\\/clsg.net\\\/?page_id=12#breadcrumb\"},\"inLanguage\":\"fr-FR\",\"potentialAction\":[{\"@type\":\"ReadAction\",\"target\":[\"https:\\\/\\\/clsg.net\\\/?page_id=12\"]}]},{\"@type\":\"BreadcrumbList\",\"@id\":\"https:\\\/\\\/clsg.net\\\/?page_id=12#breadcrumb\",\"itemListElement\":[{\"@type\":\"ListItem\",\"position\":1,\"name\":\"Accueil\",\"item\":\"https:\\\/\\\/clsg.net\\\/\"},{\"@type\":\"ListItem\",\"position\":2,\"name\":\"A propos\"}]},{\"@type\":\"WebSite\",\"@id\":\"https:\\\/\\\/clsg.net\\\/#website\",\"url\":\"https:\\\/\\\/clsg.net\\\/\",\"name\":\"Cabinet de Leadership et de Strat\u00e9gie de Guin\u00e9e (CLSG)\",\"description\":\"\",\"publisher\":{\"@id\":\"https:\\\/\\\/clsg.net\\\/#organization\"},\"alternateName\":\"CLSG\",\"potentialAction\":[{\"@type\":\"SearchAction\",\"target\":{\"@type\":\"EntryPoint\",\"urlTemplate\":\"https:\\\/\\\/clsg.net\\\/?s={search_term_string}\"},\"query-input\":{\"@type\":\"PropertyValueSpecification\",\"valueRequired\":true,\"valueName\":\"search_term_string\"}}],\"inLanguage\":\"fr-FR\"},{\"@type\":\"Organization\",\"@id\":\"https:\\\/\\\/clsg.net\\\/#organization\",\"name\":\"Cabinet de Leadership et de Strat\u00e9gie de Guin\u00e9e (CLSG)\",\"alternateName\":\"CLSG\",\"url\":\"https:\\\/\\\/clsg.net\\\/\",\"logo\":{\"@type\":\"ImageObject\",\"inLanguage\":\"fr-FR\",\"@id\":\"https:\\\/\\\/clsg.net\\\/#\\\/schema\\\/logo\\\/image\\\/\",\"url\":\"https:\\\/\\\/clsg.net\\\/wp-content\\\/uploads\\\/2025\\\/11\\\/cropped-cropped-logo.png\",\"contentUrl\":\"https:\\\/\\\/clsg.net\\\/wp-content\\\/uploads\\\/2025\\\/11\\\/cropped-cropped-logo.png\",\"width\":402,\"height\":396,\"caption\":\"Cabinet de Leadership et de Strat\u00e9gie de Guin\u00e9e (CLSG)\"},\"image\":{\"@id\":\"https:\\\/\\\/clsg.net\\\/#\\\/schema\\\/logo\\\/image\\\/\"},\"sameAs\":[\"https:\\\/\\\/www.facebook.com\\\/share\\\/17hNBhzduQ\\\/\"]}]}<\/script>\n<!-- \/ Yoast SEO plugin. -->","yoast_head_json":{"title":"Clsg cabinet leadership conseil en communication - Cabinet de Leadership et de Strat\u00e9gie de Guin\u00e9e %","description":"Le clsg cabinet leadership conseil offre des solutions sur mesure pour la communication politique, d'entreprise et le leadership.","robots":{"index":"index","follow":"follow","max-snippet":"max-snippet:-1","max-image-preview":"max-image-preview:large","max-video-preview":"max-video-preview:-1"},"canonical":"https:\/\/clsg.net\/?page_id=12","og_locale":"fr_FR","og_type":"article","og_title":"Clsg cabinet leadership conseil en communication - Cabinet de Leadership et de Strat\u00e9gie de Guin\u00e9e %","og_description":"Le clsg cabinet leadership conseil offre des solutions sur mesure pour la communication politique, d'entreprise et le leadership.","og_url":"https:\/\/clsg.net\/?page_id=12","og_site_name":"Cabinet de Leadership et de Strat\u00e9gie de Guin\u00e9e","article_publisher":"https:\/\/www.facebook.com\/share\/17hNBhzduQ\/","article_modified_time":"2025-11-22T17:09:09+00:00","twitter_card":"summary_large_image","twitter_misc":{"Dur\u00e9e de lecture estim\u00e9e":"3 minutes"},"schema":{"@context":"https:\/\/schema.org","@graph":[{"@type":"WebPage","@id":"https:\/\/clsg.net\/?page_id=12","url":"https:\/\/clsg.net\/?page_id=12","name":"Clsg cabinet leadership conseil en communication - Cabinet de Leadership et de Strat\u00e9gie de Guin\u00e9e %","isPartOf":{"@id":"https:\/\/clsg.net\/#website"},"datePublished":"2025-11-04T16:20:17+00:00","dateModified":"2025-11-22T17:09:09+00:00","description":"Le clsg cabinet leadership conseil offre des solutions sur mesure pour la communication politique, d'entreprise et le leadership.","breadcrumb":{"@id":"https:\/\/clsg.net\/?page_id=12#breadcrumb"},"inLanguage":"fr-FR","potentialAction":[{"@type":"ReadAction","target":["https:\/\/clsg.net\/?page_id=12"]}]},{"@type":"BreadcrumbList","@id":"https:\/\/clsg.net\/?page_id=12#breadcrumb","itemListElement":[{"@type":"ListItem","position":1,"name":"Accueil","item":"https:\/\/clsg.net\/"},{"@type":"ListItem","position":2,"name":"A propos"}]},{"@type":"WebSite","@id":"https:\/\/clsg.net\/#website","url":"https:\/\/clsg.net\/","name":"Cabinet de Leadership et de Strat\u00e9gie de Guin\u00e9e (CLSG)","description":"","publisher":{"@id":"https:\/\/clsg.net\/#organization"},"alternateName":"CLSG","potentialAction":[{"@type":"SearchAction","target":{"@type":"EntryPoint","urlTemplate":"https:\/\/clsg.net\/?s={search_term_string}"},"query-input":{"@type":"PropertyValueSpecification","valueRequired":true,"valueName":"search_term_string"}}],"inLanguage":"fr-FR"},{"@type":"Organization","@id":"https:\/\/clsg.net\/#organization","name":"Cabinet de Leadership et de Strat\u00e9gie de Guin\u00e9e (CLSG)","alternateName":"CLSG","url":"https:\/\/clsg.net\/","logo":{"@type":"ImageObject","inLanguage":"fr-FR","@id":"https:\/\/clsg.net\/#\/schema\/logo\/image\/","url":"https:\/\/clsg.net\/wp-content\/uploads\/2025\/11\/cropped-cropped-logo.png","contentUrl":"https:\/\/clsg.net\/wp-content\/uploads\/2025\/11\/cropped-cropped-logo.png","width":402,"height":396,"caption":"Cabinet de Leadership et de Strat\u00e9gie de Guin\u00e9e (CLSG)"},"image":{"@id":"https:\/\/clsg.net\/#\/schema\/logo\/image\/"},"sameAs":["https:\/\/www.facebook.com\/share\/17hNBhzduQ\/"]}]}},"_links":{"self":[{"href":"https:\/\/clsg.net\/index.php?rest_route=\/wp\/v2\/pages\/12","targetHints":{"allow":["GET"]}}],"collection":[{"href":"https:\/\/clsg.net\/index.php?rest_route=\/wp\/v2\/pages"}],"about":[{"href":"https:\/\/clsg.net\/index.php?rest_route=\/wp\/v2\/types\/page"}],"author":[{"embeddable":true,"href":"https:\/\/clsg.net\/index.php?rest_route=\/wp\/v2\/users\/1"}],"replies":[{"embeddable":true,"href":"https:\/\/clsg.net\/index.php?rest_route=%2Fwp%2Fv2%2Fcomments&post=12"}],"version-history":[{"count":169,"href":"https:\/\/clsg.net\/index.php?rest_route=\/wp\/v2\/pages\/12\/revisions"}],"predecessor-version":[{"id":757,"href":"https:\/\/clsg.net\/index.php?rest_route=\/wp\/v2\/pages\/12\/revisions\/757"}],"wp:attachment":[{"href":"https:\/\/clsg.net\/index.php?rest_route=%2Fwp%2Fv2%2Fmedia&parent=12"}],"curies":[{"name":"wp","href":"https:\/\/api.w.org\/{rel}","templated":true}]}}